184a (base 13) to base 8.
-7033
4067 (base 15) to base 12
7a51
Convert -1377 (base 16) to base 5.
-124413
Convert 1737 (base 8) to base 14.
50b
-67301 (base 8) to base 7
-145443
What is -1130 (base 7) in base 15?
-1c8
Convert -1111101010 (base 2) to base 7.
-2631
2a2a (base 12) to base 13
2323
What is 13312020 (base 4) in base 2?
111110110001000
-37653 (base 9) to base 16
-62e8
44444 (base 6) to base 15
1c9a
What is -641 (base 12) in base 11?
-760
8203 (base 12) to base 15
42b0
What is 2d20 (base 16) in base 6?
125252
What is 353 (base 8) in base 11?
1a4
Convert 71f8 (base 16) to base 3.
1111000121
-133414 (base 8) to base 2
-1011011100001100
Convert -10101101010110 (base 2) to base 3.
-120012220
Convert 3630 (base 12) to base 7.
23511
Convert 10 (base 8) to base 14.
8
-6155 (base 8) to base 3
-11100211
Convert -1134151 (base 6) to base 13.
-20c7a
What is -1979 (base 15) in base 10?
-5514
Convert -133ee (base 16) to base 6.
-1404542
2311222 (base 4) to base 6
125454
What is -970 (base 10) in base 6?
-4254
Convert -3655 (base 10) to base 14.
-1491
What is 7a61 (base 13) in base 2?
100001011111100
What is -1317 (base 8) in base 4?
-23033
Convert -608 (base 13) to base 9.
-1355
What is 12120001 (base 3) in base 11?
3053
Convert -230160 (base 7) to base 6.
-513220
Convert 2a8 (base 11) to base 7.
1023
Convert -20312 (base 4) to base 7.
-1436
What is -141a (base 13) in base 3?
-10222021
-212 (base 3) to base 6
-35
What is -1110000101111010 (base 2) in base 15?
-12182
Convert -701 (base 16) to base 9.
-2412
1808a (base 11) to base 15
77c7
Convert -c379 (base 14) to base 15.
-9e68
Convert 30988 (base 10) to base 16.
790c
Convert 755 (base 11) to base 16.
38b
What is 1101100111111110 (base 2) in base 13?
1c52a
What is 20011122 (base 3) in base 5?
120444
What is 7133 (base 11) in base 10?
9474
-97b3 (base 16) to base 9
-58240
-1a3a0 (base 13) to base 14
-1490c
906 (base 14) to base 6
12110
What is -53c (base 13) in base 6?
-4052
39c (base 15) to base 14
42a
-12321 (base 4) to base 11
-371
Convert 1056 (base 9) to base 5.
11110
What is 2010022100 (base 3) in base 6?
521230
-114030 (base 6) to base 15
-2e39
-55403 (base 9) to base 15
-ad6c
4435 (base 6) to base 2
10000000111
What is 1250 (base 12) in base 10?
2076
What is -10021002 (base 3) in base 8?
-4512
Convert 10120 (base 12) to base 8.
50650
Convert 7533 (base 13) to base 16.
3f8a
What is -1823 (base 10) in base 3?
-2111112
Convert -2610 (base 9) to base 5.
-30303
What is -1112222200 (base 3) in base 15?
-9109
Convert 13221 (base 4) to base 2.
111101001
-272 (base 13) to base 2
-110101111
Convert -473 (base 13) to base 4.
-30002
Convert -22241 (base 10) to base 14.
-8169
What is -4a4 (base 12) in base 11?
-587
What is -15ac2 (base 14) in base 9?
-82385
Convert a196 (base 13) to base 4.
11123312
What is 366 (base 8) in base 3?
100010
-477 (base 11) to base 6
-2344
Convert 201011012 (base 3) to base 10.
13964
-1333 (base 6) to base 16
-159
ba9 (base 12) to base 8
3261
Convert 57563 (base 8) to base 15.
7390
What is 1110142 (base 5) in base 4?
10233132
Convert -212221 (base 3) to base 15.
-2d1
505 (base 11) to base 16
262
What is -62231 (base 7) in base 13?
-6c02
What is 1556 (base 13) in base 15?
dc8
1141100 (base 5) to base 12
10474
-436 (base 8) to base 4
-10132
What is 1441241 (base 5) in base 15?
91eb
Convert 11637 (base 8) to base 15.
174d
Convert 21857 (base 11) to base 15.
9598
Convert -73 (base 16) to base 6.
-311
Convert 1007 (base 10) to base 14.
51d
What is 2065 (base 12) in base 14?
1405
Convert -248 (base 13) to base 4.
-12032
Convert -9ba2 (base 15) to base 2.
-1000000011101010
What is 250123 (base 6) in base 14?
8095
What is -165 (base 7) in base 4?
-1200
What is -1b3 (base 12) in base 5?
-2104
What is 55045 (base 6) in base 12?
4485
391 (base 11) to base 9
564
What is 523 (base 14) in base 11?
83a
7d2 (base 15) to base 9
2378
What is 10507 (base 8) in base 5?
120143
What is -17124 (base 11) in base 12?
-11b49
What is -1870 (base 9) in base 5?
-21230
Convert 684e (base 16) to base 4.
12201032
Convert -102210220 (base 3) to base 11.
-6518
What is 1140 (base 7) in base 3?
120120
1315 (base 10) to base 6
10031
Convert 6479 (base 10) to base 11.
4960
Convert -610d (base 16) to base 12.
-12465
59 (base 15) to base 7
150
Convert -4561 (base 7) to base 8.
-3174
-1b5 (base 16) to base 9
-535
What is 3022 (base 4) in base 15?
d7
What is -270b (base 12) in base 16?
-117b
What is -2788 (base 13) in base 4?
-1120321
ee95 (base 16) to base 11
41985
What is -3558 (base 16) in base 7?
-54546
79b (base 16) to base 5
30242
What is 22410 (base 8) in base 12?
55a0
17c8 (base 16) to base 13
2a04
-1041 (base 5) to base 15
-9b
What is 11100110101101 (base 2) in base 5?
433030
-3a5 (base 16) to base 12
-659
-415 (base 11) to base 13
-2c6
Convert 5310 (base 9) to base 3.
12100100
What is -100111011101101 (base 2) in base 11?
-141a9
Convert 10310 (base 5) to base 9.
863
Convert -1101100111 (base 2) to base 11.
-722
56e (base 15) to base 7
3404
Convert -12212 (base 5) to base 2.
-1110100100
-69e6 (base 16) to base 14
-9c46
What is 1034014 (base 5) in base 14?
67c5
2262 (base 10) to base 15
a0c
What is -45524 (base 10) in base 2?
-1011000111010100
10320002 (base 4) to base 14
73c6
Convert -312023 (base 4) to base 12.
-200b
What is 120123 (base 4) in base 15?
6e3
What is 956 (base 10) in base 5?
12311
What is -1101010 (base 2) in base 6?
-254
145d (base 14) to base 4
320123
What is 2302 (base 6) in base 3?
202002
What is -5634 (base 13) in base 2?
-10111100001010
-21002 (base 3) to base 11
-164
11531 (base 8) to base 5
124303
What is 213 (base 9) in base 6?
450
Convert 499 (base 11) to base 4.
21100
Convert -101112 (base 4) to base 8.
-2126
What is 1543 (base 7) in base 3?
211221
Convert 1000113 (base 5) to base 4.
3310222
Convert -1101000001000 (base 2) to base 7.
-25300
Convert 1b08 (base 12) to base 3.
11112222
605 (base 12) to base 2
1101100101
1011100010 (base 2) to base 4
23202
Convert -32d9 (base 14) to base 16.
-226f
What is -1231020 (base 4) in base 9?
-10520
2313 (base 8) to base 3
1200110
What is 111111002 (base 3) in base 11?
7427
1894 (base 11) to base 14
c38
What is 3404 (base 6) in base 13?
493
Convert -826 (base 12) to base 4.
-102132
3441 (base 8) to base 15
81a
-846 (base 12) to base 15
-556
What is -21433 (base 6) in base 11?
-2263
-10001011101011 (base 2) to base 14
-3387
Convert 45434 (base 7) to base 5.
332130
What is -330133 (base 4) in base 5?
-110441
Convert 100000001010000 (base 2) to base 5.
1011324
Convert -12ad (base 16) to base 11.
-3657
Convert -1243 (base 5) to base 7.
-402
Convert 1021100 (base 3) to base 14.
4a3
What is -eab5 (base 16) in base 15?
-12c0a
-31455 (base 7) to base 4
-1321212
What is -204444 (base 5) in base 4?
-1223122
What is -100000111110 (base 2) in base 11?
-1649
100222110 (base 3) to base 14
2919
439 (base 13) to base 6
3204
580 (base 10) to base 4
21010
1120314 (base 6) to base 7
325411
Convert 562 (base 7) to base 3.
101201
Convert -12212 (base 4) to base 9.
-518
Convert 21220 (base 4) to base 9.
754
-404 (base 10) to base 14
-20c
-1441 (base 7) to base 13
-349
1d38 (base 15) to base 7
24344
What is 73400 (base 9) in base 7?
261135
Convert -230 (base 7) to base 11.
-a9
Convert -2000110200 (base 3) to base 14.
-10684
-102001022 (base 3) to base 2
-1111101110110
-1011111011101001 (base 2) to base 14
-13b4d
-1634 (base 8) to base 4
-32130
Convert 10464 (base 7) to base 3.
10121220
b139 (base 13) to base 11
17358
-1150 (base 7) to base 11
-359
-3621 (base 9) to base 6
-20244
-156b (base 12) to base 4
-213203
What is -110 (base 7) in base 9?
-62
What is -110 (base 12) in base 2?
-10011100
What is 7558 (base 11) in base 7?
41053
What is cb (base 14) in base 9?
218
What is -4714 (base 11) in base 7?
-24015
Convert -e41 (base 16) to base 8.
-7101
What is -10013 (base 4) in base 10?
-263
-b8b (base 14) to base 2
-100011100111
Convert 2d3 (base 15) to base 3.
220000
-14a2 (base 11) to base 16
-787
What is 8a8a (base 14) in base 11?
1706a
2331 (base 6) to base 13
340
What is 101112 (base 4) in base 16?
456
240f (base 16) to base 14
3515
What is fd (base 16) in base 6?
1101
-54 (base 6) to base 8
-42
-131 (base 14) to base 6
-1035
What is 111202112 (base 3) in base 